{"id":202,"date":"2020-03-03T23:34:27","date_gmt":"2020-03-03T22:34:27","guid":{"rendered":"http:\/\/vps794604.ovh.net\/?page_id=202"},"modified":"2022-10-28T00:21:29","modified_gmt":"2022-10-27T22:21:29","slug":"protection-de-la-vie-privee","status":"publish","type":"page","link":"https:\/\/sistercatblankets.com\/index.php\/protection-de-la-vie-privee","title":{"rendered":"Protection de la vie priv\u00e9e et conditions de vente"},"content":{"rendered":"\n<h2 class=\"wp-block-heading\">Politique de confidentialit\u00e9<\/h2>\n\n\n\n<p>Cette politique de confidentialit\u00e9 d\u00e9crit comment et quand SisterCatBlankets recueille, utilise et partage des informations lorsque vous achetez un article sur ce site, me contactez ou utilisez mes services via ce site Web.<br><br>Cette politique de confidentialit\u00e9 ne s&rsquo;applique pas aux pratiques de tiers que SisterCatBlankets ne contr\u00f4le pas, y compris WordPress, Woocommerce, Paypal, OVH ou tout autre service tiers auquel vous acc\u00e9dez via ce site Web.<\/p>\n\n\n\n<h2 class=\"wp-block-heading\"><br>Informations recueillies par SisterCatBlankets<\/h2>\n\n\n\n<p>Pour ex\u00e9cuter votre commande, vous devez fournir au site Web SisterCatBlankets certaines informations, telles que votre nom, votre adresse e-mail, votre adresse postale, vos informations de paiement et les d\u00e9tails du produit que vous commandez. Vous pouvez \u00e9galement choisir de fournir \u00e0 SisterCatBlankets des informations personnelles suppl\u00e9mentaires (pour une couverture lest\u00e9e personnalis\u00e9e, par exemple), si vous me contactez directement.<\/p>\n\n\n\n<h2 class=\"wp-block-heading\">Pourquoi SisterCatBlankets a besoin de vos informations et comment je les utilise<\/h2>\n\n\n\n<p><br>SisterCatBlankets s&rsquo;appuie sur un certain nombre de bases juridiques pour collecter, utiliser et partager vos informations, notamment:<br>au besoin pour fournir mes services, par exemple lorsque SisterCatBlankets utilise vos informations pour ex\u00e9cuter votre commande, r\u00e9gler des litiges ou fournir un support client; si n\u00e9cessaire pour se conformer \u00e0 une obligation l\u00e9gale ou \u00e0 une d\u00e9cision de justice ou dans le cadre d&rsquo;une action en justice, telle que la conservation d&rsquo;informations sur vos achats si la l\u00e9gislation fiscale l&rsquo;exige; et selon les besoins de mes int\u00e9r\u00eats l\u00e9gitimes, si ces int\u00e9r\u00eats l\u00e9gitimes ne sont pas outrepass\u00e9s par vos droits ou int\u00e9r\u00eats, tels que 1) fournir et am\u00e9liorer mes services. SisterCatBlankets utilise vos informations pour fournir les services que vous avez demand\u00e9s et dans mon int\u00e9r\u00eat l\u00e9gitime \u00e0 am\u00e9liorer mes services; et 2) le respect de la loi. SisterCatBlankets utilise vos informations si n\u00e9cessaire pour se conformer \u00e0 mes obligations en vertu de la loi.<\/p>\n\n\n\n<h2 class=\"wp-block-heading\"><br>Partage et divulgation d&rsquo;informations<\/h2>\n\n\n\n<p><br>Les informations sur mes clients sont importantes pour mon entreprise. SisterCatBlankets partage vos informations personnelles pour des raisons tr\u00e8s limit\u00e9es et dans des circonstances limit\u00e9es, comme suit:<br><strong>WordPress, Woocommerce et Paypal<\/strong>: SisterCatBlankets peut \u00e9ventuellement partager des informations avec WordPress, Woocommerce et Paypal si n\u00e9cessaire pour vous fournir mes services.<br><strong>Les fournisseurs de services<\/strong>. SisterCatBlankets fait appel \u00e0 une soci\u00e9t\u00e9 de livraison de confiance pour livrer votre commande. SisterCatBlankets partagera vos informations personnelles avec ce tiers, mais uniquement dans la mesure n\u00e9cessaire pour fournir ces services.<br><strong>Transferts d&rsquo;entreprise<\/strong>. Si SisterCatBlankets vend ou fusionne son entreprise, SisterCatBlankets peut divulguer vos informations dans le cadre de cette transaction, uniquement dans la mesure permise par la loi.<br><strong>Obligations l\u00e9gales<\/strong>. SisterCatBlankets peut collecter, utiliser, conserver et partager vos informations si je crois de bonne foi qu&rsquo;il est raisonnablement n\u00e9cessaire de: (a) r\u00e9pondre \u00e0 une proc\u00e9dure judiciaire ou \u00e0 des demandes du gouvernement; (b) appliquer mes accords, conditions et politiques; (c) pr\u00e9venir, enqu\u00eater et lutter contre la fraude et les autres activit\u00e9s ill\u00e9gales, la s\u00e9curit\u00e9 ou les probl\u00e8mes techniques; ou (d) prot\u00e9ger les droits, la propri\u00e9t\u00e9 et la s\u00e9curit\u00e9 de mes clients ou autres.<\/p>\n\n\n\n<h2 class=\"wp-block-heading\">La conservation des donn\u00e9es<\/h2>\n\n\n\n<p>SisterCatBlankets conserve vos informations personnelles uniquement aussi longtemps que n\u00e9cessaire pour vous fournir mes services et comme d\u00e9crit dans ma politique de confidentialit\u00e9. Cependant, SisterCatBlankets peut \u00e9galement \u00eatre tenu de conserver ces informations pour se conformer \u00e0 mes obligations l\u00e9gales et r\u00e9glementaires, r\u00e9soudre les litiges et faire respecter mes accords. SisterCatBlankets conserve g\u00e9n\u00e9ralement vos donn\u00e9es pendant la p\u00e9riode suivante: 4 ans.<\/p>\n\n\n\n<h2 class=\"wp-block-heading\">Transferts d&rsquo;informations personnelles en dehors de l&rsquo;UE<\/h2>\n\n\n\n<p>SisterCatBlankets stocke vos informations directement sur une base de donn\u00e9es de ce site Web. SisterCatBlankets stocke et traite vos informations sur un h\u00e9bergement OVH d\u00e9di\u00e9. Le serveur d&rsquo;h\u00e9bergement (tel que rapport\u00e9 par OVH) se trouve en Pologne (UE) mais OVH d\u00e9clare qu&rsquo;il est conforme aux lois et r\u00e8glements fran\u00e7ais.<\/p>\n\n\n\n<h2 class=\"wp-block-heading\">Vos droits<\/h2>\n\n\n\n<p>Si vous r\u00e9sidez dans certains territoires, y compris l&rsquo;UE, vous disposez d&rsquo;un certain nombre de droits concernant vos informations personnelles. Bien que certains de ces droits s&rsquo;appliquent g\u00e9n\u00e9ralement, certains droits ne s&rsquo;appliquent que dans certains cas limit\u00e9s. SisterCatBlankets d\u00e9crit ces droits ci-dessous:<br><strong>Droit d&rsquo;Acc\u00e8s<\/strong>. Vous pouvez avoir le droit d&rsquo;acc\u00e9der et de recevoir une copie des informations personnelles que SisterCatBlankets d\u00e9tient \u00e0 votre sujet en me contactant en utilisant les coordonn\u00e9es ci-dessous.<br><strong>Modifier, restreindre, supprimer<\/strong>. Vous pouvez \u00e9galement avoir le droit de modifier, de restreindre mon utilisation ou de supprimer vos informations personnelles. En l&rsquo;absence de circonstances exceptionnelles (comme lorsque je dois stocker des donn\u00e9es pour des raisons juridiques), SisterCatBlankets supprimera g\u00e9n\u00e9ralement vos informations personnelles sur demande.<br><strong>Opposition<\/strong>. Vous pouvez vous opposer \u00e0 (i) mon traitement de certaines de vos informations sur la base de mes int\u00e9r\u00eats l\u00e9gitimes et (ii) \u00e0 recevoir des messages marketing de ma part apr\u00e8s avoir donn\u00e9 votre consentement expr\u00e8s pour les recevoir. Dans de tels cas, SisterCatBlankets supprimera vos informations personnelles, sauf si SisterCatBlankets a des motifs imp\u00e9rieux et l\u00e9gitimes de continuer \u00e0 utiliser ces informations ou si cela est n\u00e9cessaire pour des raisons juridiques.<br><strong>Vous plaindre<\/strong>. Si vous r\u00e9sidez dans l&rsquo;UE et souhaitez exprimer votre inqui\u00e9tude concernant mon utilisation de vos informations (et sans pr\u00e9judice de tout autre droit que vous pourriez avoir), vous avez le droit de le faire avec votre autorit\u00e9 locale de protection des donn\u00e9es.<\/p>\n\n\n\n<h2 class=\"wp-block-heading\"><br>Comment me contacter<\/h2>\n\n\n\n<p>Aux fins de la l\u00e9gislation europ\u00e9enne sur la protection des donn\u00e9es, je, L\u00e9onore Le Rouzic, suis le responsable du traitement de vos informations personnelles. Si vous avez des questions ou des pr\u00e9occupations, vous pouvez me contacter \u00e0 sistercatblankets@gmail.com. Alternativement, vous pouvez m&rsquo;envoyer un courrier  \u00e0:<br>L\u00e9onore Le Rouzic, 9 rue Gustave Toudouze, 35700 RENNES, FRANCE<\/p>\n\n\n\n<p><\/p>\n\n\n\n<h2 class=\"wp-block-heading\">Conditions de vente<\/h2>\n\n\n\n<h2 class=\"wp-block-heading\">Retours et annulations:<\/h2>\n\n\n\n<p>SistercatBlankets accepte volontiers les retours et les annulations<br><br>Contactez moi sous: 14 jours apr\u00e8s la livraison.<br>Renvoyez les articles dans les 30 jours suivant la livraison.<br>Demander une annulation: dans les 6 heures suivant l&rsquo;achat.<br><br><strong>SistercatBlankets n&rsquo;accepte pas les \u00e9changes<\/strong><br>Mais n&rsquo;h\u00e9sitez pas \u00e0 me contacter en cas de probl\u00e8me avec votre commande.<\/p>\n\n\n\n<p><strong>Les commandes personnalis\u00e9es ne peuvent pas \u00eatre retourn\u00e9s ou \u00e9chang\u00e9s<\/strong>: En raison de la nature et \u00e0 moins qu&rsquo;elles ne soient arriv\u00e9es endommag\u00e9s ou d\u00e9fectueuses, SistercatBlankets ne peut pas accepter les retours pour les commandes personnalis\u00e9es.<\/p>\n\n\n\n<h3 class=\"wp-block-heading\">Conditions de retour<\/h3>\n\n\n\n<p>Les acheteurs sont responsables des frais d&rsquo;exp\u00e9dition de retour. Si l&rsquo;article n&rsquo;est pas retourn\u00e9 dans son \u00e9tat d&rsquo;origine, l&rsquo;acheteur est responsable de toute perte de valeur.<\/p>\n\n\n\n<h2 class=\"wp-block-heading\">Temps de traitement d&rsquo;une commande<\/h2>\n\n\n\n<p>Le temps n\u00e9cessaire pour pr\u00e9parer une commande pour l&rsquo;exp\u00e9dition varie. Pour plus de d\u00e9tails, voir les \u00e9l\u00e9ments individuels. D\u00e9lais de livraison estim\u00e9s en Europe: 1-2 semaines<br><br>SisterCatBlankets fera de son mieux pour respecter ces estimations d&rsquo;exp\u00e9dition, mais ne peut les garantir. Le d\u00e9lai de livraison r\u00e9el d\u00e9pendra de la m\u00e9thode d&rsquo;exp\u00e9dition que vous choisissez.<\/p>\n\n\n\n<h2 class=\"wp-block-heading\">Douanes et taxes \u00e0 l&rsquo;importation (hors France)<\/h2>\n\n\n\n<p>Les acheteurs sont responsables des taxes de douane et d&rsquo;importation qui peuvent s&rsquo;appliquer. SisterCatBlankets ne saurais \u00eatre tenue pour responsable des retards dus aux douanes.<\/p>\n\n\n\n<h2 class=\"wp-block-heading\">Informations l\u00e9gales<\/h2>\n\n\n\n<p>TVA non applicable, art. 293B des CGI<\/p>\n\n\n\n<p>n\u00b0 de SIRET: 839 964 764 00014<\/p>\n\n\n\n<p>Assurance n\u00b0: CIRDE054851<\/p>\n","protected":false},"excerpt":{"rendered":"<p>Politique de confidentialit\u00e9 Cette politique de confidentialit\u00e9 d\u00e9crit comment et quand SisterCatBlankets recueille, utilise et partage des informations lorsque vous achetez un article sur ce site, me contactez ou utilisez mes services via ce site Web. Cette politique de confidentialit\u00e9 ne s&rsquo;applique pas aux pratiques de tiers que SisterCatBlankets ne contr\u00f4le pas, y compris WordPress, [&hellip;]<\/p>\n","protected":false},"author":1,"featured_media":0,"parent":0,"menu_order":5,"comment_status":"closed","ping_status":"closed","template":"","meta":{"site-sidebar-layout":"default","site-content-layout":"","ast-site-content-layout":"","site-content-style":"default","site-sidebar-style":"default","ast-global-header-display":"","ast-banner-title-visibility":"","ast-main-header-display":"","ast-hfb-above-header-display":"","ast-hfb-below-header-display":"","ast-hfb-mobile-header-display":"","site-post-title":"","ast-breadcrumbs-content":"","ast-featured-img":"","footer-sml-layout":"","theme-transparent-header-meta":"","adv-header-id-meta":"","stick-header-meta":"","header-above-stick-meta":"","header-main-stick-meta":"","header-below-stick-meta":"","astra-migrate-meta-layouts":"default","ast-page-background-enabled":"default","ast-page-background-meta":{"desktop":{"background-color":"var(--ast-global-color-4)","background-image":"","background-repeat":"repeat","background-position":"center center","background-size":"auto","background-attachment":"scroll","background-type":"","background-media":"","overlay-type":"","overlay-color":"","overlay-opacity":"","overlay-gradient":""},"tablet":{"background-color":"","background-image":"","background-repeat":"repeat","background-position":"center center","background-size":"auto","background-attachment":"scroll","background-type":"","background-media":"","overlay-type":"","overlay-color":"","overlay-opacity":"","overlay-gradient":""},"mobile":{"background-color":"","background-image":"","background-repeat":"repeat","background-position":"center center","background-size":"auto","background-attachment":"scroll","background-type":"","background-media":"","overlay-type":"","overlay-color":"","overlay-opacity":"","overlay-gradient":""}},"ast-content-background-meta":{"desktop":{"background-color":"var(--ast-global-color-5)","background-image":"","background-repeat":"repeat","background-position":"center center","background-size":"auto","background-attachment":"scroll","background-type":"","background-media":"","overlay-type":"","overlay-color":"","overlay-opacity":"","overlay-gradient":""},"tablet":{"background-color":"var(--ast-global-color-5)","background-image":"","background-repeat":"repeat","background-position":"center center","background-size":"auto","background-attachment":"scroll","background-type":"","background-media":"","overlay-type":"","overlay-color":"","overlay-opacity":"","overlay-gradient":""},"mobile":{"background-color":"var(--ast-global-color-5)","background-image":"","background-repeat":"repeat","background-position":"center center","background-size":"auto","background-attachment":"scroll","background-type":"","background-media":"","overlay-type":"","overlay-color":"","overlay-opacity":"","overlay-gradient":""}},"footnotes":""},"class_list":["post-202","page","type-page","status-publish","hentry"],"_links":{"self":[{"href":"https:\/\/sistercatblankets.com\/index.php\/wp-json\/wp\/v2\/pages\/202","targetHints":{"allow":["GET"]}}],"collection":[{"href":"https:\/\/sistercatblankets.com\/index.php\/wp-json\/wp\/v2\/pages"}],"about":[{"href":"https:\/\/sistercatblankets.com\/index.php\/wp-json\/wp\/v2\/types\/page"}],"author":[{"embeddable":true,"href":"https:\/\/sistercatblankets.com\/index.php\/wp-json\/wp\/v2\/users\/1"}],"replies":[{"embeddable":true,"href":"https:\/\/sistercatblankets.com\/index.php\/wp-json\/wp\/v2\/comments?post=202"}],"version-history":[{"count":0,"href":"https:\/\/sistercatblankets.com\/index.php\/wp-json\/wp\/v2\/pages\/202\/revisions"}],"wp:attachment":[{"href":"https:\/\/sistercatblankets.com\/index.php\/wp-json\/wp\/v2\/media?parent=202"}],"curies":[{"name":"wp","href":"https:\/\/api.w.org\/{rel}","templated":true}]}}