{"id":37,"date":"2020-02-28T14:33:01","date_gmt":"2020-02-28T13:33:01","guid":{"rendered":"http:\/\/vps794604.ovh.net\/?post_type=product&#038;p=37"},"modified":"2022-04-22T17:42:29","modified_gmt":"2022-04-22T15:42:29","slug":"couverture-lestee-sans-poids","status":"publish","type":"product","link":"https:\/\/sistercatblankets.com\/index.php\/produit\/couverture-lestee-sans-poids","title":{"rendered":"Couverture lest\u00e9e &#8211; sans poids"},"content":{"rendered":"","protected":false},"excerpt":{"rendered":"<p>Actuellement, il n\u2019est possible de commander une couverture lest\u00e9e sans poids que en me contactant au pr\u00e9alable pour discuter du choix du tissu, ce que vous pouvez faire en utilisant le formulaire de contact ci-dessous !<\/p>\n<p>Plus de d\u00e9tails sont disponibles dans la description ci-dessous, et n&rsquo;h\u00e9sitez pas \u00e0 <a href=\"https:\/\/sistercatblankets.eu\/index.php\/f-a-q\/\"><em><strong>consulter la FAQ! <\/strong><\/em><\/a>????<\/p>\n<p>Cette fiche produit est pour une couverture lest\u00e9e \u00ab\u00a0sans poids\u00a0\u00bb faite sur commande.<\/p>\n<p>La taille adulte standard est de 1mx1,80m, et la taille enfant standard est de 0,90mx1,40m. Cette couverture est faite en tissu 100% coton, et l&rsquo;ouverture sur le c\u00f4t\u00e9 est ferm\u00e9e par une bande en velcro et une fermeture \u00e9clair. Cette couverture lest\u00e9e \u00ab\u00a0sans poids\u00a0\u00bb est vendue sans poly-pellets ni micro-billes de verre, afin que vous puissiez faire des \u00e9conomies sur le prix des mat\u00e9riaux et des frais de port. Vous devrez la remplir vous m\u00eame, avec le mat\u00e9riau de votre choix.<\/p>\n<p>La couverture \u00ab\u00a0sans poids\u00a0\u00bb vous permet aussi d&rsquo;ajuster le poids de la couverture si la personne qui utilise la couverture prend ou perd du poids, et de vider la couverture si vous avez besoin de la transporter quelque part ou de la nettoyer sans vous soucier des pellets. Elle est donc particuli\u00e8rement indiqu\u00e9e pour les enfants, afin de pouvoir changer le poids de la couverture au fur et \u00e0 mesure de la croissance de l&rsquo;enfant sans avoir \u00e0 investir dans une nouvelle couverture lest\u00e9e.<\/p>\n<p>La couverture \u00ab\u00a0sans poids\u00a0\u00bb est diff\u00e9rente d&rsquo;une couverture lest\u00e9e typique car elle est cousue avec de multiple colonnes qui peuvent \u00eatre remplies gr\u00e2ce \u00e0 une ouverture sur le c\u00f4t\u00e9 de la couverture, alors qu&rsquo;une couverture lest\u00e9e typique n&rsquo;a pas d&rsquo;ouvertures et la r\u00e9partition de son poids est faite dans des poches carr\u00e9es. Le poids s&rsquo;y r\u00e9partit donc de mani\u00e8re moins \u00e9gale que dans une couverture lest\u00e9e typique. Pour pallier \u00e0 cela, vous pouvez r\u00e9partir le poids dans des tubes de tissus nou\u00e9s \u00e0 intervalles r\u00e9guliers que vous pourrez glisser dans les colonnes de la couverture. (Ces tubes ne sont pas fournis.)<\/p>\n<p>J&rsquo;esp\u00e8re que cette couverture moins ch\u00e8re pourra aider autant de personnes que possible !<\/p>\n<p>&nbsp;<\/p>\n[contact-form-7 id=\"361\" title=\"Formulaire de contact 1\"]\n","protected":false},"featured_media":298,"comment_status":"open","ping_status":"closed","template":"","meta":{"site-sidebar-layout":"default","site-content-layout":"","ast-site-content-layout":"","site-content-style":"default","site-sidebar-style":"default","ast-global-header-display":"","ast-banner-title-visibility":"","ast-main-header-display":"","ast-hfb-above-header-display":"","ast-hfb-below-header-display":"","ast-hfb-mobile-header-display":"","site-post-title":"","ast-breadcrumbs-content":"","ast-featured-img":"","footer-sml-layout":"","theme-transparent-header-meta":"","adv-header-id-meta":"","stick-header-meta":"","header-above-stick-meta":"","header-main-stick-meta":"","header-below-stick-meta":"","astra-migrate-meta-layouts":"default","ast-page-background-enabled":"default","ast-page-background-meta":{"desktop":{"background-color":"var(--ast-global-color-4)","background-image":"","background-repeat":"repeat","background-position":"center center","background-size":"auto","background-attachment":"scroll","background-type":"","background-media":"","overlay-type":"","overlay-color":"","overlay-opacity":"","overlay-gradient":""},"tablet":{"background-color":"","background-image":"","background-repeat":"repeat","background-position":"center center","background-size":"auto","background-attachment":"scroll","background-type":"","background-media":"","overlay-type":"","overlay-color":"","overlay-opacity":"","overlay-gradient":""},"mobile":{"background-color":"","background-image":"","background-repeat":"repeat","background-position":"center center","background-size":"auto","background-attachment":"scroll","background-type":"","background-media":"","overlay-type":"","overlay-color":"","overlay-opacity":"","overlay-gradient":""}},"ast-content-background-meta":{"desktop":{"background-color":"var(--ast-global-color-5)","background-image":"","background-repeat":"repeat","background-position":"center center","background-size":"auto","background-attachment":"scroll","background-type":"","background-media":"","overlay-type":"","overlay-color":"","overlay-opacity":"","overlay-gradient":""},"tablet":{"background-color":"var(--ast-global-color-5)","background-image":"","background-repeat":"repeat","background-position":"center center","background-size":"auto","background-attachment":"scroll","background-type":"","background-media":"","overlay-type":"","overlay-color":"","overlay-opacity":"","overlay-gradient":""},"mobile":{"background-color":"var(--ast-global-color-5)","background-image":"","background-repeat":"repeat","background-position":"center center","background-size":"auto","background-attachment":"scroll","background-type":"","background-media":"","overlay-type":"","overlay-color":"","overlay-opacity":"","overlay-gradient":""}}},"product_brand":[],"product_cat":[128],"product_tag":[],"class_list":{"0":"post-37","1":"product","2":"type-product","3":"status-publish","4":"has-post-thumbnail","6":"product_cat-couverture-lestee","7":"product_shipping_class-enfant-ou-sans-poids","8":"desktop-align-left","9":"tablet-align-left","10":"mobile-align-left","12":"first","13":"outofstock","14":"purchasable","15":"product-type-variable"},"_links":{"self":[{"href":"https:\/\/sistercatblankets.com\/index.php\/wp-json\/wp\/v2\/product\/37","targetHints":{"allow":["GET"]}}],"collection":[{"href":"https:\/\/sistercatblankets.com\/index.php\/wp-json\/wp\/v2\/product"}],"about":[{"href":"https:\/\/sistercatblankets.com\/index.php\/wp-json\/wp\/v2\/types\/product"}],"replies":[{"embeddable":true,"href":"https:\/\/sistercatblankets.com\/index.php\/wp-json\/wp\/v2\/comments?post=37"}],"wp:featuredmedia":[{"embeddable":true,"href":"https:\/\/sistercatblankets.com\/index.php\/wp-json\/wp\/v2\/media\/298"}],"wp:attachment":[{"href":"https:\/\/sistercatblankets.com\/index.php\/wp-json\/wp\/v2\/media?parent=37"}],"wp:term":[{"taxonomy":"product_brand","embeddable":true,"href":"https:\/\/sistercatblankets.com\/index.php\/wp-json\/wp\/v2\/product_brand?post=37"},{"taxonomy":"product_cat","embeddable":true,"href":"https:\/\/sistercatblankets.com\/index.php\/wp-json\/wp\/v2\/product_cat?post=37"},{"taxonomy":"product_tag","embeddable":true,"href":"https:\/\/sistercatblankets.com\/index.php\/wp-json\/wp\/v2\/product_tag?post=37"}],"curies":[{"name":"wp","href":"https:\/\/api.w.org\/{rel}","templated":true}]}}